it of 168388?
6
What is the thousands digit of 18649924?
9
What is the thousands digit of 3936678?
6
What is the thousands digit of 10970402?
0
What is the ten thousands digit of 97420?
9
What is the tens digit of 101745?
4
What is the thousands digit of 1459570?
9
What is the ten thousands digit of 274446?
7
What is the hundreds digit of 107379?
3
What is the units digit of 28663?
3
What is the hundred thousands digit of 283505?
2
What is the tens digit of 3426750?
5
What is the thousands digit of 28524491?
4
What is the thousands digit of 253025?
3
What is the hundred thousands digit of 34459488?
4
What is the ten thousands digit of 159687?
5
What is the hundreds digit of 1098524?
5
What is the hundreds digit of 40705?
7
What is the ten thousands digit of 23991?
2
What is the units digit of 8046034?
4
What is the millions digit of 5475372?
5
What is the hundreds digit of 17693997?
9
What is the hundred thousands digit of 990792?
9
What is the units digit of 439627?
7
What is the units digit of 99656?
6
What is the units digit of 445235?
5
What is the hundreds digit of 1410322?
3
What is the tens digit of 109954?
5
What is the units digit of 1273792?
2
What is the tens digit of 12057538?
3
What is the thousands digit of 2681701?
1
What is the units digit of 66693?
3
What is the thousands digit of 317147?
7
What is the tens digit of 3783118?
1
What is the thousands digit of 938032?
8
What is the hundreds digit of 355081?
0
What is the units digit of 784715?
5
What is the hundreds digit of 67895?
8
What is the tens digit of 1583342?
4
What is the ten thousands digit of 1537611?
3
What is the hundred thousands digit of 9899183?
8
What is the units digit of 18526870?
0
What is the thousands digit of 188112?
8
What is the hundreds digit of 413512?
5
What is the tens digit of 4476556?
5
What is the thousands digit of 319507?
9
What is the hundred thousands digit of 11593448?
5
What is the tens digit of 2613380?
8
What is the tens digit of 1240178?
7
What is the ten thousands digit of 180679?
8
What is the units digit of 2725914?
4
What is the thousands digit of 347789?
7
What is the hundreds digit of 5025480?
4
What is the thousands digit of 1685052?
5
What is the tens digit of 29715849?
4
What is the thousands digit of 310238?
0
What is the units digit of 21676?
6
What is the hundreds digit of 892581?
5
What is the millions digit of 3930789?
3
What is the thousands digit of 415973?
5
What is the tens digit of 18829023?
2
What is the thousands digit of 818507?
8
What is the units digit of 11335243?
3
What is the thousands digit of 429141?
9
What is the hundreds digit of 5183359?
3
What is the thousands digit of 4443891?
3
What is the tens digit of 19034380?
8
What is the hundreds digit of 14152787?
7
What is the millions digit of 7977880?
7
What is the hundred thousands digit of 1441268?
4
What is the hundred thousands digit of 466604?
4
What is the hundred thousands digit of 254771?
2
What is the hundreds digit of 26465?
4
What is the thousands digit of 1146861?
6
What is the hundreds digit of 5020683?
6
What is the ten thousands digit of 836830?
3
What is the ten thousands digit of 435824?
3
What is the ten thousands digit of 2303177?
0
What is the hundred thousands digit of 19188765?
1
What is the hundred thousands digit of 270576?
2
What is the units digit of 3074810?
0
What is the thousands digit of 190967?
0
What is the units digit of 617832?
2
What is the millions digit of 3528430?
3
What is the units digit of 3813396?
6
What is the tens digit of 2973400?
0
What is the hundreds digit of 29953976?
9
What is the units digit of 1226088?
8
What is the millions digit of 5469182?
5
What is the ten thousands digit of 875882?
7
What is the tens digit of 3402146?
4
What is the thousands digit of 94663?
4
What is the tens digit of 4964012?
1
What is the hundred thousands digit of 1225832?
2
What is the units digit of 1429424?
4
What is the thousands digit of 67988?
7
What is the ten thousands digit of 20366859?
6
What is the hundred thousands digit of 138796?
1
What is the millions digit of 3783490?
3
What is the units digit of 899916?
6
What is the tens digit of 986925?
2
What is the ten thousands digit of 14205?
1
What is the hundred thousands digit of 1133904?
1
What is the thousands digit of 1218821?
8
What is the hundred thousands digit of 7256852?
2
What is the tens digit of 192327?
2
What is the tens digit of 4715?
1
What is the ten thousands digit of 297636?
9
What is the hundreds digit of 47736?
7
What is the tens digit of 326651?
5
What is the tens digit of 191192?
9
What is the ten thousands digit of 19733056?
3
What is the hundreds digit of 3442558?
5
What is the units digit of 16624066?
6
What is the tens digit of 1793737?
3
What is the ten thousands digit of 850696?
5
What is the units digit of 746730?
0
What is the hundreds digit of 135156?
1
What is the tens digit of 11541507?
0
What is the hundred thousands digit of 1343064?
3
What is the hundred thousands digit of 1017914?
0
What is the ten thousands digit of 163132?
6
What is the millions digit of 5039626?
5
What is the millions digit of 6067257?
6
What is the hundreds digit of 690268?
2
What is the units digit of 184127?
7
What is the tens digit of 2323205?
0
What is the tens digit of 10023204?
0
What is the hundreds digit of 447390?
3
What is the ten thousands digit of 577355?
7
What is the units digit of 109963?
3
What is the ten thousands digit of 44886?
4
What is the tens digit of 6324006?
0
What is the hundred thousands digit of 1531583?
5
What is the hundred thousands digit of 222120?
2
What is the thousands digit of 28694109?
4
What is the hundred thousands digit of 13466430?
4
What is the units digit of 7453344?
4
What is the hundreds digit of 836709?
7
What is the ten thousands digit of 4596302?
9
What is the tens digit of 1246239?
3
What is the tens digit of 841882?
8
What is the ten thousands digit of 245790?
4
What is the hundreds digit of 273022?
0
What is the tens digit of 3162046?
4
What is the thousands digit of 279150?
9
What is the millions digit of 1312998?
1
What is the hundreds digit of 7135440?
4
What is the hundred thousands digit of 2587310?
5
What is the ten millions digit of 10230967?
1
What is the thousands digit of 13404830?
4
What is the hundred thousands digit of 2940899?
9
What is the thousands digit of 5531457?
1
What is the ten thousands digit of 1597527?
9
What is the ten thousands digit of 972410?
7
What is the tens digit of 67764?
6
What is the ten thousands digit of 65946?
6
What is the thousands digit of 1000028?
0
What is the tens digit of 1008724?
2
What is the units digit of 3594911?
1
What is the millions digit of 5074293?
5
What is the ten thousands digit of 9766537?
6
What is the thousands digit of 241455?
1
What is the units digit of 3769?
9
What is the hundreds digit of 175596?
5
What is the millions digit of 9537795?
9
What is the ten thousands digit of 9486639?
8
What is the ten millions digit of 12576317?
1
What is the tens digit of 508528?
2
What is the ten millions digit of 29332394?
2
What is the hundreds digit of 563234?
2
What is the hundred thousands digit of 44110074?
1
What is the tens digit of 4360663?
6
What is the units digit of 1640152?
2
What is the units digit of 337554?
4
What is the hundreds digit of 162414?
4
What is the hundred thousands digit of 1486422?
4
What is the millions digit of 6600490?
6
What is the ten thousands digit of 20471241?
7
What is the units digit of 4213515?
5
What is the hundreds digit of 210310?
3
What is the tens digit of 3267701?
0
What is the tens digit of 187160?
6
What is the units digit of 5051756?
6
What is the ten thousands digit of 250147?
5
What is the hundreds digit of 653917?
9
What is the tens digit of 24795478?
7
What is the hundred thousands digit of 222738?
2
What is the tens digit of 351421?
2
What is the ten thousands digit of 54525?
5
What is the ten millions digit of 32867717?
3
What is the units digit of 177275?
5
What is the hundred thousands digit of 15079342?
0
What is the hundreds digit of 270552?
5
What is the hundred thousands digit of 514643?
5
What is the thousands digit of 130995?
0
What is the tens digit of 767272?
7
What is the units digit of 98458?
8
What 